. Let p be v(-11). Suppose p*m - 3793 = 93*m. Is m a composite number?
False
Let a(o) = o**3 - 5*o**2 + 3*o - 10. Let s be a(5). Suppose 10*g = s*g + 12355. Is g a composite number?
True
Suppose 7*a + 15 = 2*a. Let n(b) = -95*b - 8. Is n(a) a prime number?
True
Let v(z) = 3582*z**2 - 11*z. Is v(1) a prime number?
True
Suppose 9*w - 945802 = -17*w. Is w composite?
True
Suppose 0 = -s - v + 231, v - 5 = 2*v. Let d be (-2)/(2*(-3)/2775). Let y = d - s. Is y prime?
False
Let t = 30949 - -2062. Is t a prime number?
False
Let o(p) = -p**3 - p**2 + 3. Let i be o(0). Suppose 3*x + 9 = 21. Suppose i*z - x*j - 175 = 0, 0 = -j - 0*j + 5. Is z composite?
True
Suppose 4*r = 6*r + 3*b - 483, 3*r + b = 714. Is r composite?
True
Let x(j) = -j**3 - 6*j**2 + 6. Let b be x(-6). Suppose -b*l + 7*l = 9. Let g(y) = y**2 + 10*y + 14. Is g(l) a composite number?
True
Let z be 1756*((-63)/(-180) - (-4)/10). Let f = z + -596. Is f composite?
True
Is (-2)/(-16) + 1259901/216 composite?
True
Suppose -m + 13758 = -3*z, 6*m = 11*m + 5*z - 68730. Is m a composite number?
True
Suppose 0 = -z - 3*l + 3671, -4*l + 11038 = z + 2*z. Suppose 4*w - z = 2*w. Is w a composite number?
True
Suppose -2*d + 4*q - 2472 = 0, -5*q = 4*d - 5*d - 1221. Let f = -381 - d. Is f prime?
False
Is (-34258)/(-70) + 2/(-5) prime?
False
Let t(s) = 123*s**2 + 5*s + 3. Is t(-8) composite?
True
Suppose 4*g - z = 2*g + 6, -4*g = 3*z - 12. Let u(w) = -5 + w + g*w**3 + 2 - w**3 - 4*w**2 + 0*w. Is u(4) a composite number?
True
Let c(r) = -r + 13. Let n be c(12). Let h = n - 3. Is (-1)/(h/26)*7 a prime number?
False
Let n = 6955 + -4718. Is n prime?
True
Let u = 16 + -26. Let b(v) = -v**3 - 11*v**2 - 9*v + 4. Let s be b(u). Is 1/3 + (-304)/s a prime number?
False
Let y be ((-12)/10)/((-18)/(-45)). Let u(q) = -87*q - 10. Is u(y) prime?
True
Let q(n) = -n**3 + 15*n**2 + 17*n - 12. Let i be q(16). Suppose 23 - 3 = -i*u. Let g(f) = -3*f**3 - f + 1. Is g(u) prime?
False
Let v = -356 - -219. Is 3/18*-14*v*3 composite?
True
Let w = 181 - 9. Let z = 174 - 84. Let v = w - z. Is v composite?
True
Suppose 2179 + 209 = 3*a. Suppose -a - 125 = -3*y. Is y a prime number?
True
Suppose 7*c + 36750 = c. Let q = -4202 - c. Is q prime?
False
Suppose 5 = m - 0*m. Suppose p = -2*g + 4, -m*g - 2*p + 8 = -0. Suppose k - 191 = -6*j + 2*j, j - 2*k - 59 = g. Is j composite?
True
Let w be (-4)/(-3 + (6 - 2)). Is 4*((-6093)/w)/9 a prime number?
True
Let i(b) = 2*b + 9. Let p be i(-4). Suppose 5*a + 40 = 5*k, k + a - 3 + p = 0. Suppose -t = -k*t + 3028. Is t prime?
True
Let n(v) = 2*v - 15. Let i(x) = -x + 1. Let r(p) = 4*i(p) + n(p). Let t be r(-6). Is t*259 + -2 + 2 composite?
True
Suppose 5 = 5*v, 5*n + 241 = 4*v + 2107. Suppose -q = n + 3. Let s = 536 + q. Is s a prime number?
False
Suppose -3*n - 1245 = 3*j - 6*j, -5*n = 10. Is j composite?
True
Suppose w + 2*w = -51. Let y = 22 + w. Suppose 3*h - y*o = -9 + 36, 5*h + 4*o = 45. Is h prime?
False
Suppose g - 9 - 12 = 5*c, 4*g = c - 11. Is (2/(-6))/((g/(-4083))/(-4)) prime?
True
Is ((-16)/7)/(-4) + 692856/56 composite?
False
Let b = 404 - 196. Let s(g) = -g**3 - 18*g**2 + 20*g + 20. Let n be s(-19). Let z = n + b. Is z composite?
True
Let g be -1 + 0 + 5*(-59 + -7). Suppose l = -3*b - b - 180, 0 = b - 5*l + 24. Let z = b - g. Is z a prime number?
False
Suppose 0 = 34*s - 24*s - 41930. Is s prime?
False
Suppose 0 = -4*a - 19*d + 15*d + 130840, -3*d + 32708 = a. Is a prime?
False
Let r(k) = -148*k + 2. Let h be r(-2). Suppose h = 2*f - 0. Is f prime?
True
Let o(w) = -w**3 - w - 7. Let i be o(0). Let x = i + 10. Suppose x*h + 309 = 6*h. Is h composite?
False
Suppose 0 = b + 3*n - 20912 + 2065, 3*b + 4*n = 56561. Is b prime?
True
Let a(i) = i**2 - 7. Let o be a(3). Suppose o*f - 1144 = -4*l, 0*f + 3*f + 2*l = 1704. Let p = f - 229. Is p a prime number?
True
Suppose o - 5*n = -0*n + 1940, 0 = 4*n. Suppose 3*a - o = -701. Is a prime?
False
Let c(f) = f**3 - 30*f**2 - 144*f + 11. Is c(36) a prime number?
False
Let y be -97 - 0 - 0/(-4). Let j = y + 137. Suppose j = 2*a - 130. Is a a prime number?
False
Let k = -89386 - -164355. Is k prime?
False
Let l(g) = g**3 + 8*g**2 - 22*g - 10. Let x be l(-10). Let v(d) = 15*d**2 - 17*d + 27. Is v(x) prime?
False
Let x(u) = 3*u**2 - 10*u - 19. Let g(z) = 5*z + 17. Let c be g(-5). Is x(c) composite?
True
Let w = 20 - 12. Suppose -w*m + 3*m = -180. Is -3 + 9/(m/2240) a composite number?
False
Let m(d) = 7*d + 17. Let w(c) = -15*c - 34. Let t(v) = 5*m(v) + 3*w(v). Let f = -12 - -7. Is t(f) a prime number?
False
Suppose 96*w = 97*w - 4327. Is w composite?
False
Let d = 4 + -4. Suppose d = 7*m - 2*m + 2*p - 216, -96 = -2*m - 4*p. Suppose -g - 5 + m = 0. Is g prime?
True
Suppose 5*w + 807 = z, 0 = -2*z + 4*z - 2*w - 1598. Is z composite?
False
Let j(c) be the third derivative of -c**6/12 - c**5/20 - 11*c**4/24 - 5*c**3/6 - 6*c**2. Is j(-4) prime?
True
Suppose 184 = 4*y + 2796. Let c = 1969 + y. Suppose 4*q + c = 8*q. Is q a prime number?
False
Suppose 88*i + 89509 = 95*i. Is i a prime number?
False
Let r(m) = -11*m**2 + 5*m - 4. Let j(g) = 5*g**2 - 2*g + 2. Let a(o) = 9*j(o) + 4*r(o). Let p be a(-2). Is p/(-7) + 68202/126 composite?
False
Suppose -p + 10*p = 149229. Is p prime?
False
Suppose 0*t + 8 = 4*t. Let p be t/6 - (-10480)/(-30). Let a = 714 + p. Is a a composite number?
True
Suppose v - 5 + 3 = 0. Is 9410/20*4/v a prime number?
True
Suppose -5*d - 4*c + 95 = 0, -3*d - 4*c + 34 = -31. Is d a prime number?
False
Let p = -463 + -382. Let h = 2566 + p. Is h prime?
True
Let t be 147/15 + -4 + 8/(-10). Let h(j) = 11*j**2 - 6*j + 6. Is h(t) a prime number?
True
Is ((-32612)/10)/((-10)/25) prime?
False
Let r(v) be the third derivative of -v**2 - 5/12*v**4 + 4/3*v**3 + 0*v + 0. Is r(-5) a composite number?
True
Suppose -5*x = -20*x + 122205. Is x prime?
True
Suppose 0 = -0*w + w - 2. Suppose 60290 = w*i + 8*i. Is i a composite number?
False
Let j(k) = -k**3 + 7*k**2 - 4*k + 7. Let w(s) = -s**2 - 6*s + 12. Let c be w(-7). Let m be j(c). Suppose p - b - m = 47, 0 = -5*p + 3*b + 426. Is p prime?
False
Suppose 5*u = u + 136. Let i be 4/(-8) - 921/(-6). Suppose u = x - i. Is x prime?
False
Let t(v) = 6*v**3 - 24*v**2 + 31*v - 60. Let r(o) = -o**3 + 5*o**2 - 6*o + 12. Let a(z) = -11*r(z) - 2*t(z). Let b be a(-12). Is -2 - (b/(-4) - 0) composite?
False
Let v(z) = 220*z**2 + 2*z - 1. Suppose -1 = 4*i - 5. Is v(i) a prime number?
False
Suppose t + 4 = -t, 5568 = -5*u + t. Is 10 - 7 - (1 + -1 + u) composite?
False
Let s(h) = -32*h + 115135. Is s(0) prime?
False
Let h be 2278*((4 - 0) + -3) - 1. Suppose 12*t - h = 3*t. Is t a prime number?
False
Suppose -4*j = 1727 + 233. Let x = j + 695. Is x prime?
False
Let h = 3586 + -2009. Is h composite?
True
Let g(s) = -2*s**2 + 15*s - 4. Let z be g(7). Suppose 3*u - 42 = -3*m + 318, -3*m + z*u = -354. Is m composite?
True
Suppose 0*d - 2*d + 20 = 4*c, -c - 5*d = -5. Suppose -c*q = -6 - 4. Suppose -89 = -q*k - 5*x, x - 5*x = 5*k - 197. Is k a prime number?
True
Suppose -1649*h = -1639*h - 124310. Is h a composite number?
True
Let y be 5163/6 - 7/(-14). Let b = 1258 - y. Is b prime?
True
Let o(u) = 8*u**2 - 6*u**2 + 0*u**2 - u**2 - 301*u**3. Suppose -5*y - 2 = -3*y. Is o(y) a composite number?
True
Suppose -14672 = 3*a - 47726. Suppose -a = 8*h - 27810. Is h a prime number?
True
Let o = -4241 - -20032. Is o a prime number?
True
Suppose -756 = -2*a + r, 10*r - 7*r = 6. Is a composite?
False
Suppose 2*w = -1 - 15. Let k = 31 + 58. Let y = k - w. Is y composite?
False
Let m = 7475 - 1470. Is m a composite number?
True
Let l be 25839/45*(-8)/(-6)*5. Suppose j - 4*w = 893, -4*j - 2*w - 274 = -l. Is j composite?
True
Suppose -4*m = -5*m + 5. Suppose m*k = 2*k + 15. Suppose -i - 2*n + 437 = 0, 0 = 8*i - 4*i + k*n - 1760. Is i a prime number?
False
Let n = 14046 - 7649. Is n a prime number?
True
Let y(d) = -d**3 + 4*d**2 - 3*d + 4. Let t be y(3). Suppose -v + 2133 = 4*v - 2*l, -l + 1709 = t*v. Is v prime?
False
Let x be 0/(-2) + 195 + 1. Let o = 159 + x. Is o composite?
True
Is (-3)/27*3*-6387 a prime number?
True
Suppose -2*k - 76 = -16. Let s = 127 - k. Is s prime?
True
Let h = 4325 + -1372. Is h a composite number?
False
Let m = -1156 + 22823. Is m composite?
True
Let h = 63 - 45. Suppose 21*a + 60 = h*a. Let s = 2 - a. Is s compos